the hundreds digit of l?
2
Let i be (-85)/(-15) + -6 - (-272)/6. Suppose -3*f + 6 + 24 = w, -i = -4*f - 3*w. What is the units digit of f?
9
Let b = 103 - 119. Let x = 242 + b. What is the hundreds digit of x?
2
Let h = -2289 - -3243. What is the units digit of h?
4
Let c be 44/(-33)*6/(-4). Suppose -2*k = 5*g + 14, 4*g = c*k - 0*k - 22. What is the units digit of (-13)/(-4) - k/(-4)?
4
Let y = -12441 + 18391. What is the tens digit of y?
5
Let d be 4/((-20)/(-45)) - 2. Suppose -49 = -d*q + 112. Suppose -4*v - w + 57 = -0*w, 5*w = 2*v - q. What is the tens digit of v?
1
Suppose -269 = -2*l - 51. Suppose -z + 183 = 5*g - 4*z, 3*g - z - l = 0. What is the units digit of g?
6
What is the hundreds digit of (-765)/18*18*-1?
7
Let a be (-2 - -3)*(23 + 2). Let d be ((-13)/(-1))/(5/a). Suppose 6*t - t - d = 0. What is the units digit of t?
3
Suppose 38*p - 23*p - 9015 = 0. What is the tens digit of p?
0
Let j(i) = -i**2 - 19*i + 5. Let f be j(-19). Suppose 4*u + 0 + 20 = 0, 4*y = f*u + 41. What is the units digit of y?
4
Let p(a) = 7*a**2 + 7*a - 99. What is the units digit of p(12)?
3
Let c = -7 - -12. Suppose -4*v = t + 51, 0*t - 99 = 4*t - c*v. Let k = t + 57. What is the tens digit of k?
2
Let j(k) = 0 + 7*k**2 - 3 - 8 + 15 - k**3. What is the units digit of j(7)?
4
Suppose 20 = 4*v, 3*v - 14070 = -0*r - 5*r. What is the units digit of r?
1
Let x(k) = k**3 - 7*k**2 + 8*k - 2. Let l be 7/((-52)/(-12) + -4). Let o be (-6)/(-8) - l/(-4). What is the units digit of x(o)?
0
Let y = -3 - 0. Let q be -3*((-14)/(-6) + y). What is the tens digit of 1 - (-22 + q - 1)?
2
Let x(r) = 10*r**3. Let w be x(-1). Let u = 12 + w. Suppose 9 = -u*q + 21. What is the units digit of q?
6
What is the units digit of 6/45 - 39140/(-75)?
2
Suppose -2*d + 25 = 3*d. Suppose -d*p + 530 = -4*c, -2*c = p + p - 212. What is the units digit of p?
6
Suppose -4*x = x - c - 14115, 0 = -c. What is the tens digit of x?
2
Let o(r) = -3*r**3 - 19*r**2 - 5*r + 14. Let v be o(-6). What is the units digit of 6764/57 - v/(-6)?
0
Suppose -11*u + 7*u + 4069 = 3*i, 4*i = 3*u - 3083. What is the hundreds digit of u?
0
What is the hundreds digit of (-2920)/(-18)*522/116?
7
Let m(v) = -25*v**2 + 22*v - 13*v + 119 + 15*v + v**3 - 112. What is the units digit of m(24)?
7
Let w(j) = -j**3 - 36*j**2 - 27*j + 63. What is the tens digit of w(-36)?
3
Let s(n) = n**3 - 7*n**2 - 8*n. Let r be s(8). Let w be (0 - r)*2/(-6). Suppose -y - y + 38 = w. What is the units digit of y?
9
Let o be 12/(-15) - 852/(-15). Suppose -4*f + o = 160. Let c = 48 + f. What is the tens digit of c?
2
Let p be ((-3)/(-6) + -1)*-12. Suppose p*l = l + 95. What is the units digit of l?
9
Let z(p) = 3*p + 406. What is the hundreds digit of z(0)?
4
Let b be ((-24)/(-10))/(6/20). What is the tens digit of 10/40 + 422/b?
5
Suppose 4*m - 53 = 187. Suppose -4*u - m = -4*h, -2*h - 3*h = 3*u - 43. Suppose -2*n - 14 = 2*q - 6*q, -2*q = 3*n - h. What is the units digit of q?
4
Let q(j) = 566*j**2 + j - 4. What is the hundreds digit of q(2)?
2
What is the tens digit of (-14604)/(-72) - (-2)/12?
0
Suppose 8*n = 4*n - 64. Let g be (n/16)/(2/(-16)). Suppose -2*c + g = 0, -3*c + 113 = 3*w + 2*c. What is the units digit of w?
1
Suppose 0*f - 5*u - 5 = 3*f, -2*u = 5*f - 17. What is the units digit of f?
5
Let q = -301 + 513. What is the hundreds digit of q?
2
Let a be (8/(-3) + 3)*33. Let b(k) = -k**3 + 12*k**2 - k - 7. What is the hundreds digit of b(a)?
1
Suppose 2*x = -2*w - 18, -w + 0*w - 2*x = 12. Let t be (-51)/w*8/1. What is the units digit of 10/45 - t/(-18)?
4
Let c(n) = -n**3 + n**2 + n + 884. What is the hundreds digit of c(0)?
8
Suppose 0 = 7*f - 19 - 37. Let o(w) = 3*w**2 - 15*w + 2. What is the units digit of o(f)?
4
Suppose 0 = -g + 3*g. Suppose t = -5*k - 11, 3*k = 3*t - g*k - 39. Suppose t = 4*d + 1. What is the units digit of d?
2
Suppose 255 = 3*f + 4*k, 2*f = -k + 20 + 155. What is the tens digit of f?
8
Suppose -4*o - 323 = -n, 10*o - 7*o = -5*n + 1500. What is the hundreds digit of n?
3
Suppose 15*s = 862 + 3623. What is the tens digit of s?
9
Let n(g) = 2*g + 11. Let a(d) = d**3 - d. Let c be a(2). What is the units digit of n(c)?
3
What is the units digit of 1 + (-10)/6 - (-50534)/66?
5
Suppose 2*t = -x - 12 + 49, -17 = -x + 3*t. Suppose -x + 98 = j. What is the units digit of j?
9
Let q(p) = -p**3 - 17*p**2 - 29*p + 18. Let l be q(-15). Suppose -144 = -5*o + l*o. What is the tens digit of o?
7
Suppose -5*t - 7 + 119 = r, r - 152 = 3*t. What is the hundreds digit of r?
1
Suppose 5 = a, -g + a - 12 = -0*a. Let k(x) = -x**2 - 7*x + 6. Let b be k(g). What is the units digit of (8/b)/(8/132)?
2
What is the tens digit of (-3440)/6*(-54)/15 - -2?
6
Let s = -302 - -86. Suppose 160 = 12*v - 2*v. What is the units digit of s/(-10) - v/(-40)?
2
Let z(v) = -v + 7. Let u be z(4). What is the units digit of (-1307)/(-7) + 6*u/63?
7
Let v(a) = a**3 - 58*a**2 + 235*a - 127. What is the units digit of v(54)?
9
Suppose -r = -0*r + 24. Let d be r/(-13) + 4/26. Suppose f + d*f = 99. What is the tens digit of f?
3
Let a(m) = m + 6. Let h(l) = -14*l - 91. Let p(s) = -91*a(s) - 6*h(s). Suppose -3*z + q = 5, 11 + 4 = -5*z + 5*q. What is the units digit of p(z)?
7
Let k be 2 + (-1)/(3/6). Suppose k = -o - 3*o + 8. Suppose -12 = -4*q - h, -2*q - o*h = -h - 4. What is the units digit of q?
4
Suppose 0 = -3*j + 2*j. Suppose 40 = u - j*u. Let w = -28 + u. What is the tens digit of w?
1
Suppose 0*s + 36 = 4*s. Let g(k) = -k**3 + 8*k**2 + 12*k - 8. Let b(y) = 1. Let m(n) = 4*b(n) + g(n). What is the units digit of m(s)?
3
Suppose 4*o - 308 = p, -o = -2*o - 5*p + 77. Let t = o - -51. What is the tens digit of t?
2
Suppose 4*l + 485 = z - 6*z, 2*z - 2*l + 176 = 0. Let r = z + 153. What is the units digit of r?
0
Let l = 4652 - 3191. What is the units digit of l?
1
Let j(p) = -5*p - 4. Let k be 7 - (-1 + -2)*-1. Let x(l) = 5*l + 3. Let d(a) = k*x(a) + 5*j(a). What is the tens digit of d(-12)?
5
Let r be 65*(4 - (-44)/(-10)). Let b = 48 + r. What is the tens digit of b?
2
Suppose 0 = -3*t + 13*z - 9*z + 6957, -9304 = -4*t - 4*z. What is the units digit of t?
3
Let s = -92 + 71. Let w = s + 322. What is the tens digit of w?
0
Suppose -5*w - t = t - 35, -t = -3*w + 10. Suppose -4*i - w = s, 7*i = s + 4*i - 9. What is the units digit of s?
3
Let w be (-4)/(5/315*-2). Suppose z = 2*f + 6*z - w, 0 = -3*z - 12. What is the units digit of f?
3
Let n(p) = -4 + 2 + p + 16*p**3 - p**2 + 2. Let f be n(1). Let g = f - -1. What is the tens digit of g?
1
Let c = -128 + 260. What is the hundreds digit of c?
1
Let x = 15 - 11. Suppose -x*f = 4, 0 = 3*y + 8*f - 3*f - 178. What is the units digit of y?
1
Let s(c) = 518*c**2 + 5*c - 3. What is the tens digit of s(1)?
2
Suppose 3*n - 6*n + 45 = 0. Let y be (-7 - 1)*n/(-120). What is the tens digit of 7 + 27 + 2/y?
3
Suppose -442368 = 5*t - 77*t. What is the tens digit of t?
4
Let z(d) = 5*d**2 - 12*d - 74. What is the tens digit of z(12)?
0
Suppose -457*b + 454*b + 4236 = 0. What is the hundreds digit of b?
4
Let j(y) = -544*y + 6. Let r be j(-1). Suppose 3*c + 4*n = 513, -4*n + 61 = -3*c + r. What is the units digit of c?
7
Suppose 0 = -p + 5*s - 166 + 402, -4*s + 1016 = 4*p. What is the tens digit of p?
5
Suppose -5*o = 2*t - o - 6, t - 3 = o. Let i be 28/16 + t/12. What is the units digit of -1 + (i - 3 - -9)?
7
Suppose o + 80 = 4*z, 4*o = 3*z - 83 + 10. Let k = z + 10. Suppose -5*g = 4*v - 116, -2*v + 3*g + 87 = k. What is the units digit of v?
9
Let l(k) = -22*k - 53. Let r be l(-10). Let o = r - 40. What is the units digit of o?
7
Let x be ((-3)/(-2))/(24/80). Suppose -x*s + s = -568. Suppose -30 + s = 2*j. What is the tens digit of j?
5
Let t be (26/6)/(1/15). Let d = 28 + -73. Let c = t + d. What is the units digit of c?
0
Let m(j) = 398*j - 28. What is the hundreds digit of m(2)?
7
Let b = -1434 + 2200. What is the units digit of b?
6
Let l = 579 + -262. What is the units digit of l?
7
Suppose -3*c - 1185 = -2*d, 2*c = 28*d - 26*d - 1186. What is the units digit of d?
4
Suppose -5*y - 39 + 49 = 0, 5*p - 1166 = 2*y. What is the tens digit of p?
3
Let c = -1897 + 3924. What is the units digit of c?
7
Let x = 5 + -8. Let o be (-7)/21 - 67/x. Suppose 2*p = o - 0. What is the tens digit of p?
1
Let n = 219 + -123. Supp